1053 a prime number?
True
Is 4802161699 a prime number?
False
Is 104527875811 a prime number?
True
Is 37758336269 prime?
False
Is 157382977 a composite number?
False
Is 24669282877 composite?
False
Is 1156446833 a composite number?
True
Is 2270576263 a composite number?
False
Is 4418492017 a prime number?
True
Is 11161077703 composite?
True
Is 1985846494 a prime number?
False
Is 2739123841 a prime number?
False
Is 648987517 prime?
False
Is 106192945 a prime number?
False
Is 92564927981 prime?
True
Is 18089406637 composite?
True
Is 29181060619 composite?
False
Is 198897779 prime?
True
Is 829130321 composite?
False
Is 961719049 a composite number?
False
Is 45224332091 a composite number?
False
Is 444265537 a prime number?
False
Is 4720321589 a prime number?
True
Is 436529669 a composite number?
True
Is 5497724783 a prime number?
True
Is 7037036249 prime?
False
Is 511794863 composite?
False
Is 69772511 a composite number?
True
Is 105052043 a composite number?
False
Is 22489306027 prime?
True
Is 19993020699 a prime number?
False
Is 38777223801 a prime number?
False
Is 586384273 a prime number?
False
Is 23181516053 a prime number?
False
Is 2476105007 a prime number?
True
Is 8966332229 a composite number?
False
Is 533602639 a composite number?
True
Is 2134271135 composite?
True
Is 10124784767 a prime number?
True
Is 804634942 prime?
False
Is 9682151683 prime?
True
Is 16398820601 a composite number?
True
Is 6211198951 composite?
True
Is 58119657 a prime number?
False
Is 129196931 a prime number?
False
Is 16637743301 prime?
True
Is 6665949506 a composite number?
True
Is 20947821751 a prime number?
False
Is 128986093 a prime number?
False
Is 669484610039 prime?
False
Is 150453779027 a composite number?
False
Is 4571970983 composite?
True
Is 1774130327 a prime number?
False
Is 3066110107 composite?
False
Is 13583069 a prime number?
True
Is 567775753 composite?
False
Is 17098520737 a prime number?
True
Is 1961169983 a composite number?
False
Is 6235051661 prime?
True
Is 2248090022 a prime number?
False
Is 809425391 a prime number?
True
Is 677509537 composite?
True
Is 4238513017 composite?
False
Is 97011823 a composite number?
True
Is 3992900921 a prime number?
True
Is 6349105549 composite?
True
Is 7669166431 a prime number?
True
Is 1766834777 composite?
False
Is 1565680657 prime?
True
Is 8509967383 a prime number?
True
Is 539773813 a prime number?
True
Is 25072624051 prime?
True
Is 15226245493 prime?
True
Is 2616339277 a prime number?
True
Is 1448039017 prime?
True
Is 642148613 prime?
True
Is 13414410403 a prime number?
False
Is 59816903 a composite number?
True
Is 319669937 prime?
True
Is 737050969 composite?
False
Is 903905309 a prime number?
True
Is 10157082521 a prime number?
False
Is 16605105497 a prime number?
True
Is 11964719123 a composite number?
True
Is 1061510201 prime?
False
Is 1007232119 composite?
False
Is 1276572757 a prime number?
False
Is 3011965153 a prime number?
True
Is 3571061831 a prime number?
True
Is 7522037291 a composite number?
True
Is 63465515 composite?
True
Is 11597081827 prime?
False
Is 332652929 composite?
True
Is 14080241497 prime?
False
Is 1153568281 prime?
False
Is 12129151091 composite?
True
Is 11593947413 a composite number?
True
Is 1555310261 a prime number?
True
Is 990919157 prime?
True
Is 9257514347 a composite number?
True
Is 1339304453 a composite number?
True
Is 6183940551 a composite number?
True
Is 5769978983 prime?
False
Is 8174759431 prime?
False
Is 33263079137 prime?
True
Is 389265763 a prime number?
True
Is 2002239509 prime?
True
Is 1842478093 a composite number?
False
Is 10795283 composite?
False
Is 318676451 prime?
True
Is 55948342759 a prime number?
True
Is 1945129207 composite?
True
Is 6869198761 a prime number?
False
Is 1691888141 composite?
False
Is 245035387 composite?
False
Is 416152479221 a prime number?
True
Is 33354696979 a composite number?
False
Is 38850968083 prime?
True
Is 185172133 a prime number?
False
Is 4238329009 prime?
True
Is 13501596113 a composite number?
True
Is 73063219 prime?
True
Is 5278184827 prime?
True
Is 1806290869 prime?
True
Is 26078821 prime?
False
Is 64113759929 a prime number?
False
Is 10258541273 prime?
True
Is 61548357007 composite?
False
Is 11569284877 a prime number?
True
Is 3872712845 a composite number?
True
Is 58743776591 a prime number?
False
Is 82165272737 a prime number?
False
Is 2162517835 a composite number?
True
Is 85866511 composite?
False
Is 4025953147 prime?
False
Is 4676988707 prime?
False
Is 18119273723 prime?
False
Is 3594656605 a prime number?
False
Is 3680436191 a prime number?
False
Is 10075724993 a prime number?
True
Is 905485079 composite?
False
Is 125444495773 a composite number?
False
Is 16555802657 a composite number?
True
Is 1190589009 a composite number?
True
Is 178124579671 a prime number?
True
Is 230197043 composite?
True
Is 1849699897 composite?
False
Is 31184211349 a prime number?
False
Is 628531363 a composite number?
False
Is 2611673551 composite?
True
Is 1003176269 prime?
False
Is 80812219513 composite?
True
Is 55422627499 a composite number?
False
Is 7096368431 composite?
False
Is 3626052457 prime?
False
Is 1557312479 a prime number?
True
Is 293776758547 composite?
False
Is 46615809931 a prime number?
True
Is 26187221759 prime?
False
Is 407161481 a prime number?
True
Is 189553033 composite?
False
Is 3192729053 a prime number?
False
Is 534952877 a composite number?
True
Is 38399752061 a composite number?
True
Is 638209571 a composite number?
False
Is 1611386033 prime?
False
Is 5476769747 composite?
False
Is 8327252327 prime?
False
Is 50119306403 composite?
False
Is 7005156749 a prime number?
False
Is 1544479343 prime?
False
Is 9318100067 a composite number?
False
Is 1398146987 prime?
False
Is 105009627797 a composite number?
True
Is 1346794331 a prime number?
True
Is 2505778459 a composite number?
False
Is 1496492735 a prime number?
False
Is 557275865 prime?
False
Is 121126477 prime?
False
Is 97908971 a prime number?
False
Is 1062239353 prime?
False
Is 41070745759 prime?
True
Is 406678577 a prime number?
False
Is 11659342277 composite?
True
Is 6865873723 composite?
False
Is 123871981991 a composite number?
False
Is 17008571 prime?
True
Is 10482248393 a prime number?
False
Is 33304487 a composite number?
False
Is 192357505 a prime number?
False
Is 4092124807 composite?
True
Is 58632371821 prime?
True
Is 4269117527 a composite number?
False
Is 339165293 a composite number?
False
Is 2388874837 composite?
False
Is 896044909 composite?
True
Is 593612363 composite?
True
Is 198556539817 composite?
False
Is 9423185393 a prime number?
True
Is 1283652611 a prime number?
False
Is 836868937 a composite number?
False
Is 1626629429 composite?
True
Is 526419863 a composite number?
True
Is 2268028471 a prime number?
True
Is 692817581 a prime number?
True
Is 4340858813 prime?
False
Is 28828592999 a prime number?
False
Is 17861997977 prime?
True
Is 15238688917 composite?
True
Is 7652149121 a prime number?
True
Is 428163535 a composite number?
True
Is 23859337483 a prime number?
False
Is 89392346887 prime?
True
Is 40418988473 composite?
False
Is 48645677009 a prime number?
False
Is 9672487729 a prime number?
True
Is 383204827 prime?
True
Is 5504842969 prime?
True
Is 255654859 a composite number?
False
Is 1427567471 composite?
True
Is 1669072151 a prime number?
True
Is 11037278443 a composite number?
False
Is 1232045341 composite?
True
Is 2740016557 composite?
True
Is 13754797183 composite?
False
Is 64733937769 a prime number?
True
Is 9097885747 composite?
False
Is 1248966413 a prime number?
False
Is 432342821 composite?
True
Is 64217099461 prime?
False
Is 111941583841 a prime number?
True
Is 37612480751 a composite number?
False
Is 2254260289 a composite number?
True
Is 3067437853 a prime number?
False
Is 5016181273 a prime number?
False
Is 653943739 composite?
False
Is 20735721857 prime?
False
Is 8959599863 a prime number?
True
Is 4534076453 a prime number?
True
Is 433802177 a prime number?
False
Is 867313301 a composite number?
True
Is 17147517565 prime?
False
Is 50452855109 composite?
True
Is 57658991359 a prime number?
True
Is 391295348719 composite?
True
Is 66425692439 a composite number?
False
Is 1830181987 a composite number?
False
Is 205092